[INFO] cloning repository https://github.com/MarkAnthonyM/Seed_TodoApp
[INFO] running `Command { std: "git" "-c" "credential.helper=" "-c" "credential.helper=/workspace/cargo-home/bin/git-credential-null" "clone" "--bare" "https://github.com/MarkAnthonyM/Seed_TodoApp" "/workspace/cache/git-repos/https%3A%2F%2Fgithub.com%2FMarkAnthonyM%2FSeed_TodoApp", kill_on_drop: false }`
[INFO] [stderr] Cloning into bare repository '/workspace/cache/git-repos/https%3A%2F%2Fgithub.com%2FMarkAnthonyM%2FSeed_TodoApp'...
[INFO] running `Command { std: "git" "rev-parse" "HEAD", kill_on_drop: false }`
[INFO] [stdout] a5d17b514cb349d68797973a3e65d0e8e7fc9554
[INFO] checking MarkAnthonyM/Seed_TodoApp against master#9610dfe5a9a731ced1ea4923ecbd0c57fe367898 for beta-170-4
[INFO] running `Command { std: "git" "clone" "/workspace/cache/git-repos/https%3A%2F%2Fgithub.com%2FMarkAnthonyM%2FSeed_TodoApp" "/workspace/builds/worker-1-tc1/source", kill_on_drop: false }`
[INFO] [stderr] Cloning into '/workspace/builds/worker-1-tc1/source'...
[INFO] [stderr] done.
[INFO] validating manifest of git repo https://github.com/MarkAnthonyM/Seed_TodoApp on toolchain 9610dfe5a9a731ced1ea4923ecbd0c57fe367898
[INFO] running `Command { std: CARGO_HOME="/workspace/cargo-home" RUSTUP_HOME="/workspace/rustup-home" "/workspace/cargo-home/bin/cargo" "+9610dfe5a9a731ced1ea4923ecbd0c57fe367898" "metadata" "--manifest-path" "Cargo.toml" "--no-deps", kill_on_drop: false }`
[INFO] started tweaking git repo https://github.com/MarkAnthonyM/Seed_TodoApp
[INFO] finished tweaking git repo https://github.com/MarkAnthonyM/Seed_TodoApp
[INFO] tweaked toml for git repo https://github.com/MarkAnthonyM/Seed_TodoApp written to /workspace/builds/worker-1-tc1/source/Cargo.toml
[INFO] crate git repo https://github.com/MarkAnthonyM/Seed_TodoApp already has a lockfile, it will not be regenerated
[INFO] running `Command { std: CARGO_HOME="/workspace/cargo-home" RUSTUP_HOME="/workspace/rustup-home" "/workspace/cargo-home/bin/cargo" "+9610dfe5a9a731ced1ea4923ecbd0c57fe367898" "fetch" "--manifest-path" "Cargo.toml", kill_on_drop: false }`
[INFO] [stderr]     Updating crates.io index
[INFO] [stderr]  Downloading crates ...
[INFO] [stderr]   Downloaded cookie v0.13.3
[INFO] [stderr]   Downloaded standback v0.2.9
[INFO] [stderr]   Downloaded pulldown-cmark v0.7.2
[INFO] [stderr]   Downloaded dbg v1.0.4
[INFO] [stderr]   Downloaded enclose v1.1.8
[INFO] [stderr]   Downloaded seed v0.7.0
[INFO] running `Command { std: "docker" "create" "-v" "/var/lib/crater-agent-workspace/builds/worker-1-tc1/target:/opt/rustwide/target:rw,Z" "-v" "/var/lib/crater-agent-workspace/builds/worker-1-tc1/source:/opt/rustwide/workdir:ro,Z" "-v" "/var/lib/crater-agent-workspace/cargo-home:/opt/rustwide/cargo-home:ro,Z" "-v" "/var/lib/crater-agent-workspace/rustup-home:/opt/rustwide/rustup-home:ro,Z" "-e" "SOURCE_DIR=/opt/rustwide/workdir" "-e" "CARGO_TARGET_DIR=/opt/rustwide/target" "-e" "CARGO_HOME=/opt/rustwide/cargo-home" "-e" "RUSTUP_HOME=/opt/rustwide/rustup-home" "-w" "/opt/rustwide/workdir" "-m" "1610612736" "--user" "0:0" "--network" "none" "ghcr.io/rust-lang/crates-build-env/linux@sha256:19e73879b68f455e41552ea35293514db52ea292d993f571636dbffedb77a1ee" "/opt/rustwide/cargo-home/bin/cargo" "+9610dfe5a9a731ced1ea4923ecbd0c57fe367898" "metadata" "--no-deps" "--format-version=1", kill_on_drop: false }`
[INFO] [stdout] a4542dbca6c12ccd52eb415c298cd73e0e18eadeb243a5a986636d55628e5128
[INFO] running `Command { std: "docker" "start" "-a" "a4542dbca6c12ccd52eb415c298cd73e0e18eadeb243a5a986636d55628e5128", kill_on_drop: false }`
[INFO] running `Command { std: "docker" "inspect" "a4542dbca6c12ccd52eb415c298cd73e0e18eadeb243a5a986636d55628e5128", kill_on_drop: false }`
[INFO] running `Command { std: "docker" "rm" "-f" "a4542dbca6c12ccd52eb415c298cd73e0e18eadeb243a5a986636d55628e5128", kill_on_drop: false }`
[INFO] [stdout] a4542dbca6c12ccd52eb415c298cd73e0e18eadeb243a5a986636d55628e5128
[INFO] running `Command { std: "docker" "create" "-v" "/var/lib/crater-agent-workspace/builds/worker-1-tc1/target:/opt/rustwide/target:rw,Z" "-v" "/var/lib/crater-agent-workspace/builds/worker-1-tc1/source:/opt/rustwide/workdir:ro,Z" "-v" "/var/lib/crater-agent-workspace/cargo-home:/opt/rustwide/cargo-home:ro,Z" "-v" "/var/lib/crater-agent-workspace/rustup-home:/opt/rustwide/rustup-home:ro,Z" "-e" "SOURCE_DIR=/opt/rustwide/workdir" "-e" "CARGO_TARGET_DIR=/opt/rustwide/target" "-e" "CARGO_INCREMENTAL=0" "-e" "RUST_BACKTRACE=full" "-e" "RUSTFLAGS=--cap-lints=forbid" "-e" "RUSTDOCFLAGS=--cap-lints=forbid" "-e" "CARGO_HOME=/opt/rustwide/cargo-home" "-e" "RUSTUP_HOME=/opt/rustwide/rustup-home" "-w" "/opt/rustwide/workdir" "-m" "1610612736" "--user" "0:0" "--network" "none" "ghcr.io/rust-lang/crates-build-env/linux@sha256:19e73879b68f455e41552ea35293514db52ea292d993f571636dbffedb77a1ee" "/opt/rustwide/cargo-home/bin/cargo" "+9610dfe5a9a731ced1ea4923ecbd0c57fe367898" "check" "--frozen" "--all" "--all-targets" "--message-format=json", kill_on_drop: false }`
[INFO] [stdout] 0e9ed3686bdc8a6be3be8ab5d1b48399ece70ec5954d616aaf3aeed7887f2537
[INFO] running `Command { std: "docker" "start" "-a" "0e9ed3686bdc8a6be3be8ab5d1b48399ece70ec5954d616aaf3aeed7887f2537", kill_on_drop: false }`
[INFO] [stderr]    Compiling libc v0.2.74
[INFO] [stderr]    Compiling proc-macro2 v1.0.19
[INFO] [stderr]    Compiling syn v1.0.36
[INFO] [stderr]    Compiling getrandom v0.1.14
[INFO] [stderr]    Compiling hashbrown v0.8.1
[INFO] [stderr]     Checking itoa v0.4.6
[INFO] [stderr]    Compiling indexmap v1.5.0
[INFO] [stderr]     Checking ppv-lite86 v0.2.8
[INFO] [stderr]     Checking tinyvec v0.3.3
[INFO] [stderr]    Compiling wasm-bindgen-shared v0.2.67
[INFO] [stderr]    Compiling subtle v2.2.3
[INFO] [stderr]     Checking smallvec v1.4.1
[INFO] [stderr]    Compiling pear_codegen v0.1.4
[INFO] [stderr]    Compiling bumpalo v3.4.0
[INFO] [stdout] error[E0557]: feature has been removed
[INFO] [stdout]  --> /opt/rustwide/cargo-home/registry/src/index.crates.io-6f17d22bba15001f/pear_codegen-0.1.4/src/lib.rs:1:12
[INFO] [stdout]   |
[INFO] [stdout] 1 | #![feature(crate_visibility_modifier)]
[INFO] [stdout]   |            ^^^^^^^^^^^^^^^^^^^^^^^^^ feature has been removed
[INFO] [stdout]   |
[INFO] [stdout]   = note: removed in favor of `pub(crate)`
[INFO] [stdout] 
[INFO] [stdout] 
[INFO] [stdout] error: expected one of `!` or `::`, found keyword `struct`
[INFO] [stdout]   --> /opt/rustwide/cargo-home/registry/src/index.crates.io-6f17d22bba15001f/pear_codegen-0.1.4/src/parser.rs:10:7
[INFO] [stdout]    |
[INFO] [stdout] 10 | crate struct Diagnostic(crate ::proc_macro::Diagnostic);
[INFO] [stdout]    |       ^^^^^^ expected one of `!` or `::`
[INFO] [stdout] 
[INFO] [stdout] 
[INFO] [stdout] error[E0412]: cannot find type `PResult` in this scope
[INFO] [stdout]   --> /opt/rustwide/cargo-home/registry/src/index.crates.io-6f17d22bba15001f/pear_codegen-0.1.4/src/lib.rs:65:39
[INFO] [stdout]    |
[INFO] [stdout] 65 | fn extract_input_ident(f: &ItemFn) -> PResult<Ident> {
[INFO] [stdout]    |                                       ^^^^^^^ help: a type alias with a similar name exists: `Result`
[INFO] [stdout]    |
[INFO] [stdout]   ::: /opt/rustwide/cargo-home/registry/src/index.crates.io-6f17d22bba15001f/syn-0.15.44/src/error.rs:18:1
[INFO] [stdout]    |
[INFO] [stdout] 18 | pub type Result<T> = std::result::Result<T, Error>;
[INFO] [stdout]    | ------------------ similarly named type alias `Result` defined here
[INFO] [stdout] 
[INFO] [stdout] 
[INFO] [stdout] error[E0412]: cannot find type `PResult` in this scope
[INFO] [stdout]   --> /opt/rustwide/cargo-home/registry/src/index.crates.io-6f17d22bba15001f/pear_codegen-0.1.4/src/lib.rs:78:44
[INFO] [stdout]    |
[INFO] [stdout] 78 | fn parser_attribute(input: TokenStream) -> PResult<TokenStream2> {
[INFO] [stdout]    |                                            ^^^^^^^ help: a type alias with a similar name exists: `Result`
[INFO] [stdout]    |
[INFO] [stdout]   ::: /opt/rustwide/cargo-home/registry/src/index.crates.io-6f17d22bba15001f/syn-0.15.44/src/error.rs:18:1
[INFO] [stdout]    |
[INFO] [stdout] 18 | pub type Result<T> = std::result::Result<T, Error>;
[INFO] [stdout]    | ------------------ similarly named type alias `Result` defined here
[INFO] [stdout] 
[INFO] [stdout] 
[INFO] [stdout] error[E0412]: cannot find type `Case` in this scope
[INFO] [stdout]    --> /opt/rustwide/cargo-home/registry/src/index.crates.io-6f17d22bba15001f/pear_codegen-0.1.4/src/lib.rs:142:6
[INFO] [stdout]     |
[INFO] [stdout] 142 | impl Case {
[INFO] [stdout]     |      ^^^^ not found in this scope
[INFO] [stdout] 
[INFO] [stdout] 
[INFO] [stdout] error[E0412]: cannot find type `Case` in this scope
[INFO] [stdout]    --> /opt/rustwide/cargo-home/registry/src/index.crates.io-6f17d22bba15001f/pear_codegen-0.1.4/src/lib.rs:144:38
[INFO] [stdout]     |
[INFO] [stdout] 144 |         where I: Iterator<Item = &'a Case>
[INFO] [stdout]     |                                      ^^^^ not found in this scope
[INFO] [stdout] 
[INFO] [stdout] 
[INFO] [stdout] error[E0433]: failed to resolve: use of undeclared type `Pattern`
[INFO] [stdout]    --> /opt/rustwide/cargo-home/registry/src/index.crates.io-6f17d22bba15001f/pear_codegen-0.1.4/src/lib.rs:161:13
[INFO] [stdout]     |
[INFO] [stdout] 161 |             Pattern::Wild(..) => quote!(#case_expr),
[INFO] [stdout]     |             ^^^^^^^ use of undeclared type `Pattern`
[INFO] [stdout]     |
[INFO] [stdout] help: consider importing this trait
[INFO] [stdout]     |
[INFO] [stdout] 13  + use std::str::pattern::Pattern;
[INFO] [stdout]     |
[INFO] [stdout] 
[INFO] [stdout] 
[INFO] [stdout] error[E0433]: failed to resolve: use of undeclared type `Pattern`
[INFO] [stdout]    --> /opt/rustwide/cargo-home/registry/src/index.crates.io-6f17d22bba15001f/pear_codegen-0.1.4/src/lib.rs:162:13
[INFO] [stdout]     |
[INFO] [stdout] 162 |             Pattern::Calls(ref calls) => {
[INFO] [stdout]     |             ^^^^^^^ use of undeclared type `Pattern`
[INFO] [stdout]     |
[INFO] [stdout] help: consider importing this trait
[INFO] [stdout]     |
[INFO] [stdout] 13  + use std::str::pattern::Pattern;
[INFO] [stdout]     |
[INFO] [stdout] 
[INFO] [stdout] 
[INFO] [stdout] error[E0412]: cannot find type `Switch` in this scope
[INFO] [stdout]    --> /opt/rustwide/cargo-home/registry/src/index.crates.io-6f17d22bba15001f/pear_codegen-0.1.4/src/lib.rs:201:6
[INFO] [stdout]     |
[INFO] [stdout] 201 | impl Switch {
[INFO] [stdout]     |      ^^^^^^ not found in this scope
[INFO] [stdout] 
[INFO] [stdout] 
[INFO] [stdout] error[E0433]: failed to resolve: use of undeclared type `Diagnostic`
[INFO] [stdout]    --> /opt/rustwide/cargo-home/registry/src/index.crates.io-6f17d22bba15001f/pear_codegen-0.1.4/src/lib.rs:215:13
[INFO] [stdout]     |
[INFO] [stdout] 215 |             Diagnostic::emit(e.into());
[INFO] [stdout]     |             ^^^^^^^^^^ use of undeclared type `Diagnostic`
[INFO] [stdout]     |
[INFO] [stdout] help: consider importing one of these items
[INFO] [stdout]     |
[INFO] [stdout] 13  + use proc_macro::Diagnostic;
[INFO] [stdout]     |
[INFO] [stdout] 13  + use proc_macro::bridge::Diagnostic;
[INFO] [stdout]     |
[INFO] [stdout] 
[INFO] [stdout] 
[INFO] [stderr]    Compiling universal-hash v0.3.0
[INFO] [stdout] error[E0433]: failed to resolve: use of undeclared type `Case`
[INFO] [stdout]    --> /opt/rustwide/cargo-home/registry/src/index.crates.io-6f17d22bba15001f/pear_codegen-0.1.4/src/lib.rs:185:35
[INFO] [stdout]     |
[INFO] [stdout] 185 |                 let rest_tokens = Case::to_tokens(&input, parser_name, cases);
[INFO] [stdout]     |                                   ^^^^ use of undeclared type `Case`
[INFO] [stdout] 
[INFO] [stdout] 
[INFO] [stdout] error[E0433]: failed to resolve: use of undeclared type `Case`
[INFO] [stdout]    --> /opt/rustwide/cargo-home/registry/src/index.crates.io-6f17d22bba15001f/pear_codegen-0.1.4/src/lib.rs:203:9
[INFO] [stdout]     |
[INFO] [stdout] 203 |         Case::to_tokens(&self.input, &self.parser_name, self.cases.iter())
[INFO] [stdout]     |         ^^^^ use of undeclared type `Case`
[INFO] [stdout] 
[INFO] [stdout] 
[INFO] [stdout] error[E0433]: failed to resolve: use of undeclared type `Switch`
[INFO] [stdout]    --> /opt/rustwide/cargo-home/registry/src/index.crates.io-6f17d22bba15001f/pear_codegen-0.1.4/src/lib.rs:212:11
[INFO] [stdout]     |
[INFO] [stdout] 212 |     match Switch::syn_parse.parse(input) {
[INFO] [stdout]     |           ^^^^^^ use of undeclared type `Switch`
[INFO] [stdout] 
[INFO] [stdout] 
[INFO] [stdout] error: aborting due to 13 previous errors
[INFO] [stdout] 
[INFO] [stdout] 
[INFO] [stdout] Some errors have detailed explanations: E0412, E0433, E0557.
[INFO] [stdout] 
[INFO] [stdout] For more information about an error, try `rustc --explain E0412`.
[INFO] [stdout] 
[INFO] [stderr] error: could not compile `pear_codegen` (lib) due to 14 previous errors
[INFO] [stderr] warning: build failed, waiting for other jobs to finish...
[INFO] running `Command { std: "docker" "inspect" "0e9ed3686bdc8a6be3be8ab5d1b48399ece70ec5954d616aaf3aeed7887f2537", kill_on_drop: false }`
[INFO] running `Command { std: "docker" "rm" "-f" "0e9ed3686bdc8a6be3be8ab5d1b48399ece70ec5954d616aaf3aeed7887f2537", kill_on_drop: false }`
[INFO] [stdout] 0e9ed3686bdc8a6be3be8ab5d1b48399ece70ec5954d616aaf3aeed7887f2537
